{"id":6,"date":"2016-07-07T22:22:13","date_gmt":"2016-07-07T22:22:13","guid":{"rendered":"http:\/\/www.doctormellado.cl\/?page_id=6"},"modified":"2017-03-06T18:45:56","modified_gmt":"2017-03-06T18:45:56","slug":"biografia","status":"publish","type":"page","link":"https:\/\/www.doctormellado.cl\/?page_id=6","title":{"rendered":"Biograf\u00eda"},"content":{"rendered":"<table border=\"0\" align=\"left\">\n<tr>\n<td>Nombre<\/td>\n<td>:<\/td>\n<td>Mauricio Fernando Mellado Prudant<\/td>\n<\/tr>\n<tr>\n<td>Domicilio<\/td>\n<td>:<\/td>\n<td>Yungay 475 of. 204 Curic\u00f3<\/td>\n<\/tr>\n<tr>\n<td>&nbsp;<\/td>\n<td>&nbsp;<\/td>\n<td>&nbsp;<\/td>\n<\/tr>\n<tr>\n<td colspan=\"3\" align=\"left\">Antecedentes Acad\u00e9micos:<\/td>\n<\/tr>\n<tr>\n<td>Ense\u00f1anza B\u00e1sica y Media<\/td>\n<td>:<\/td>\n<td>Instituto San Mart\u00edn de Curic\u00f3.<\/td>\n<\/tr>\n<tr>\n<td>Estudios Universitarios.<\/td>\n<td>:<\/td>\n<td>Universidad de Chile.<br \/>\nCarrera: Medicina.<br \/>\nT\u00edtulo: M\u00e9dico Cirujano (Enero 1994)<\/td>\n<\/tr>\n<tr>\n<td>Estudios de Post Grado.<\/td>\n<td>:<\/td>\n<td>\n<p>Universidad Cayetano Heredia (Lima \u2013 Per\u00fa).<br \/>\n      Sede: Instituto Nacional de Oftalmolog\u00eda (INO), <br \/>\n      CENTRO FORMADOR DE LA ASOCIACION PANAMERICANA DE OFTALMOLOGIA<br \/>\n      Especializaci\u00f3n en Oftalmolog\u00eda.<br \/>\n      (Junio 2000 \u2013 Mayo 2003).<br \/>\n    CONACEM  N\u00ba 9462<\/p>\n<\/td>\n<\/tr>\n<tr>\n<td>&nbsp;<\/td>\n<td>&nbsp;<\/td>\n<td>&nbsp;<\/td>\n<\/tr>\n<tr>\n<td colspan=\"3\">Antecedentes Laborales:<\/td>\n<\/tr>\n<tr>\n<td>Marzo 1994 \u2013 Marzo 1999<\/td>\n<td>:<\/td>\n<td>M\u00e9dico Integral Consultorio D\u00e1vila.<br \/>\nIlustre Municipalidad Pedro Aguirre Cerda.<\/td>\n<\/tr>\n<tr>\n<td>Marzo 1994 \u2013 Marzo 1999<\/td>\n<td>:<\/td>\n<td>M\u00e9dico General de Zona, (Servicio de Cirug\u00eda)<br \/>\nHospital San Carlos (S.S.\u00d1.)<\/td>\n<\/tr>\n<tr>\n<td>Abril 1999 \u2013 Mayo 2000<\/td>\n<td>:<\/td>\n<td> M\u00e9dico Integral<br \/>\nDirector de Consultorio General Rural.<br \/>\nJefe Departamento de Salud.<br \/>\nIlustre Municipalidad de San Nicol\u00e1s.<\/td>\n<\/tr>\n<tr>\n<td>Junio 2000 \u2013 Mayo 2003 <\/td>\n<td>:<\/td>\n<td>Post Grado en Oftalmolog\u00eda<\/td>\n<\/tr>\n<tr>\n<td>Junio 2003 a Enero. 2010<\/td>\n<td>:<\/td>\n<td>M\u00e9dico Oftalm\u00f3logo<br \/>\nServicio de Oftalmolog\u00eda.<br \/>\nHospital Herminda Mart\u00edn \u2013 Chill\u00e1n \u2013 (S.S.\u00d1uble)<\/td>\n<\/tr>\n<tr>\n<td>Marzo 2006 a Enero. 2010<\/td>\n<td>&nbsp;<\/td>\n<td>Docente de Oftalmolog\u00eda para alumnos de Medicina Universidad Cat\u00f3lica de la Sant\u00edsima Concepci\u00f3n<\/td>\n<\/tr>\n<tr>\n<td>Febrero  2010 a la fecha<\/td>\n<td>:<\/td>\n<td>\n<p>M\u00e9dico Jefe de Servicio de Oftalmolog\u00eda Hospital de Curic\u00f3 ( S.S.Maule).<br \/>\n    Docente de Oftalmologia para internos de Medicina de la Universidad de Talca<\/p>\n<\/td>\n<\/tr>\n<tr>\n<td>&nbsp;<\/td>\n<td>&nbsp;<\/td>\n<td>&nbsp;<\/td>\n<\/tr>\n<tr>\n<td>&nbsp;<\/td>\n<td>&nbsp;<\/td>\n<td>&nbsp;<\/td>\n<\/tr>\n<tr>\n<td>&nbsp;<\/td>\n<td>&nbsp;<\/td>\n<td>&nbsp;<\/td>\n<\/tr>\n<\/table>\n","protected":false},"excerpt":{"rendered":"<p>Nombre : Mauricio Fernando Mellado Prudant Domicilio : Yungay 475 of. 204 Curic\u00f3 &nbsp; &nbsp; &nbsp; Antecedentes Acad\u00e9micos: Ense\u00f1anza B\u00e1sica y Media : Instituto San Mart\u00edn de Curic\u00f3. Estudios Universitarios. : Universidad de Chile. Carrera: Medicina. T\u00edtulo: M\u00e9dico Cirujano (Enero 1994) Estudios de Post Grado. : Universidad Cayetano Heredia (Lima \u2013 Per\u00fa). Sede: Instituto Nacional [&hellip;]<\/p>\n","protected":false},"author":1,"featured_media":0,"parent":0,"menu_order":0,"comment_status":"closed","ping_status":"closed","template":"","meta":[],"_links":{"self":[{"href":"https:\/\/www.doctormellado.cl\/index.php?rest_route=\/wp\/v2\/pages\/6"}],"collection":[{"href":"https:\/\/www.doctormellado.cl\/index.php?rest_route=\/wp\/v2\/pages"}],"about":[{"href":"https:\/\/www.doctormellado.cl\/index.php?rest_route=\/wp\/v2\/types\/page"}],"author":[{"embeddable":true,"href":"https:\/\/www.doctormellado.cl\/index.php?rest_route=\/wp\/v2\/users\/1"}],"replies":[{"embeddable":true,"href":"https:\/\/www.doctormellado.cl\/index.php?rest_route=%2Fwp%2Fv2%2Fcomments&post=6"}],"version-history":[{"count":6,"href":"https:\/\/www.doctormellado.cl\/index.php?rest_route=\/wp\/v2\/pages\/6\/revisions"}],"predecessor-version":[{"id":34,"href":"https:\/\/www.doctormellado.cl\/index.php?rest_route=\/wp\/v2\/pages\/6\/revisions\/34"}],"wp:attachment":[{"href":"https:\/\/www.doctormellado.cl\/index.php?rest_route=%2Fwp%2Fv2%2Fmedia&parent=6"}],"curies":[{"name":"wp","href":"https:\/\/api.w.org\/{rel}","templated":true}]}}